{"id":1002,"date":"2023-06-24T10:52:56","date_gmt":"2023-06-24T10:52:56","guid":{"rendered":"https:\/\/giscadlimited.com\/trinidad\/?page_id=1002"},"modified":"2023-07-28T15:55:43","modified_gmt":"2023-07-28T19:55:43","slug":"delair","status":"publish","type":"page","link":"https:\/\/giscadlimited.com\/trinidad-es\/products\/delair\/","title":{"rendered":"Delair"},"content":{"rendered":"<section class=\"l-section wpb_row us_custom_51a64b3e Delair-product-section height_medium with_img\"><div class=\"l-section-img\" data-img-width=\"800\" data-img-height=\"449\" style=\"background-image: url(https:\/\/giscadlimited.com\/trinidad-es\/quo_storage\/sites\/3\/2023\/07\/Delair-Main-Image.png);background-position: center right;background-repeat: no-repeat;background-size: auto;\"><\/div><div class=\"l-section-h i-cf\"><div class=\"g-cols vc_row via_grid cols_1 laptops-cols_inherit tablets-cols_inherit mobiles-cols_1 valign_top type_default stacking_default\"><div class=\"wpb_column vc_column_container\"><div class=\"vc_column-inner\"><div class=\"w-image us_custom_13a0f6fa align_none\"><div class=\"w-image-h\"><img decoding=\"async\" width=\"261\" height=\"55\" src=\"https:\/\/giscadlimited.com\/trinidad-es\/quo_storage\/sites\/3\/2023\/07\/Delair-Logo.png\" class=\"attachment-large size-large\" alt=\"\" \/><\/div><\/div><div class=\"wpb_text_column us_custom_ae63d117 has_text_color\"><div class=\"wpb_wrapper\"><p>Delair es la ventanilla \u00fanica para aplicaciones digitales empresariales: desde la recopilaci\u00f3n de datos hasta la inteligencia empresarial. Los drones profesionales de ala fija de Delair son la herramienta ideal para adquirir datos a\u00e9reos m\u00e1s r\u00e1pido y m\u00e1s lejos. Cubren grandes superficies con cada vuelo suave y estable.<\/p>\n<\/div><\/div><\/div><\/div><\/div><\/div><\/section><section class=\"l-section wpb_row us_custom_eb92a20f Strategic-products Delair-line height_medium width_full\"><div class=\"l-section-h i-cf\"><div class=\"g-cols vc_row via_grid cols_1 laptops-cols_inherit tablets-cols_inherit mobiles-cols_1 valign_top type_default stacking_default\"><div class=\"wpb_column vc_column_container\"><div class=\"vc_column-inner\"><div class=\"g-cols wpb_row us_custom_7f67160e via_grid cols_2 laptops-cols_inherit tablets-cols_inherit mobiles-cols_1 valign_middle type_default reversed stacking_default\"><div class=\"wpb_column vc_column_container us_custom_06f729d8\"><div class=\"vc_column-inner\">[vc_custom_heading text=&#8221;Soluciones de Captura de Datos&#8221; use_theme_fonts=&#8221;yes&#8221; css=&#8221;%7B%22default%22%3A%7B%22padding-bottom%22%3A%2210px%22%7D%7D&#8221;]<div class=\"wpb_text_column us_custom_7d184510 has_text_color\"><div class=\"wpb_wrapper\"><p>Delair proporciona soluciones de drones probadas en el campo a clientes de todo el mundo para aplicaciones topogr\u00e1ficas y cartogr\u00e1ficas. Los mapas proporcionan fuentes cr\u00edticas de informaci\u00f3n geogr\u00e1fica a los usuarios en innumerables industrias y las im\u00e1genes a\u00e9reas n\u00edtidas, los modelos de superficie y las nubes de puntos derivados de los datos recopilados por los drones de Delair gu\u00edan a sus usuarios hacia los conocimientos comerciales.<\/p>\n<p>La soluci\u00f3n Delair UX11 permite a los profesionales geoespaciales, como top\u00f3grafos, ingenieros de minas, analistas GIS y t\u00e9cnicos de campo, capturar im\u00e1genes a\u00e9reas con un flujo de trabajo intuitivo y f\u00e1cil de usar. Mientras tanto, Delair DT26E LiDAR se presta a proyectos m\u00e1s complejos con su carga \u00fatil de sensor dual que recopila datos LiDAR y fotogram\u00e9tricos al mismo tiempo.<\/p>\n<p>Con los drones de mapeo profesionales de Delair, puede mapear sitios grandes y peque\u00f1os, y crear modelos digitales precisos de superficies y terrenos con o sin cobertura vegetal.<\/p>\n<\/div><\/div><\/div><\/div><div class=\"wpb_column vc_column_container us_custom_20f6148d\"><div class=\"vc_column-inner\"><div class=\"w-image us_custom_283152ba Delair-line-img align_none\"><div class=\"w-image-h\"><img decoding=\"async\" width=\"763\" height=\"347\" src=\"https:\/\/giscadlimited.com\/trinidad-es\/quo_storage\/sites\/3\/2023\/07\/Delair-1.png\" class=\"attachment-full size-full\" alt=\"\" srcset=\"https:\/\/giscadlimited.com\/trinidad-es\/quo_storage\/sites\/3\/2023\/07\/Delair-1.png 763w, https:\/\/giscadlimited.com\/trinidad-es\/quo_storage\/sites\/3\/2023\/07\/Delair-1-300x136.png 300w\" sizes=\"(max-width: 763px) 100vw, 763px\" \/><\/div><\/div><\/div><\/div><\/div><div class=\"g-cols wpb_row us_custom_01eb3ba2 via_grid cols_2 laptops-cols_inherit tablets-cols_inherit mobiles-cols_1 valign_middle type_default stacking_default\"><div class=\"wpb_column vc_column_container\"><div class=\"vc_column-inner\"><div class=\"w-image us_custom_7535b75b align_none\"><div class=\"w-image-h\"><img decoding=\"async\" width=\"711\" height=\"369\" src=\"https:\/\/giscadlimited.com\/trinidad-es\/quo_storage\/sites\/3\/2023\/07\/Delair-2.jpg\" class=\"attachment-large size-large\" alt=\"\" srcset=\"https:\/\/giscadlimited.com\/trinidad-es\/quo_storage\/sites\/3\/2023\/07\/Delair-2.jpg 711w, https:\/\/giscadlimited.com\/trinidad-es\/quo_storage\/sites\/3\/2023\/07\/Delair-2-300x156.jpg 300w\" sizes=\"(max-width: 711px) 100vw, 711px\" \/><\/div><\/div><\/div><\/div><div class=\"wpb_column vc_column_container us_custom_ba1c2b39\"><div class=\"vc_column-inner\">[vc_custom_heading text=&#8221;Agricultura y Silvicultura, Soluciones de Captura de Datos&#8221; use_theme_fonts=&#8221;yes&#8221; css=&#8221;%7B%22default%22%3A%7B%22color%22%3A%22%230063b0%22%2C%22padding-bottom%22%3A%2210px%22%7D%7D&#8221;]<div class=\"wpb_text_column us_custom_7d184510 has_text_color\"><div class=\"wpb_wrapper\"><p>La larga historia de DELAIR en agricultura y silvicultura ha culminado con el UX11 Ag, un dron listo para BVLOS con una c\u00e1mara especializada para mapear plantas. Gracias a su caracter\u00edstica \u00fanica BTOL (despegue y aterrizaje tipo p\u00e1jaro), se puede operar en pr\u00e1cticamente cualquier entorno agr\u00edcola o forestal.<\/p>\n<p>A diferencia de los drones multirrotor m\u00e1s peque\u00f1os, el UX11 Ag es h\u00e1bil y eficiente cuando se trata de adquirir im\u00e1genes multiespectrales en \u00e1reas extensas. Incluso muestra las im\u00e1genes en tiempo real en la tableta del piloto tanto en una reproducci\u00f3n RGB visual como en un NDVI (\u00edndice de vegetaci\u00f3n de diferencia normalizada) sobre la marcha. Equipado con PPK, una conexi\u00f3n celular y un dise\u00f1o resistente, el UX11 Ag est\u00e1 listo para volar en entornos hostiles.<\/p>\n<\/div><\/div><\/div><\/div><\/div><div class=\"w-image us_custom_20ee4541 img100 postion-img border-area hide_on_laptops hide_on_tablets align_none\"><div class=\"w-image-h\"><img decoding=\"async\" width=\"711\" height=\"393\" src=\"https:\/\/giscadlimited.com\/trinidad-es\/quo_storage\/sites\/3\/2023\/07\/Delair-3.jpg\" class=\"attachment-full size-full\" alt=\"\" srcset=\"https:\/\/giscadlimited.com\/trinidad-es\/quo_storage\/sites\/3\/2023\/07\/Delair-3.jpg 711w, https:\/\/giscadlimited.com\/trinidad-es\/quo_storage\/sites\/3\/2023\/07\/Delair-3-300x166.jpg 300w\" sizes=\"(max-width: 711px) 100vw, 711px\" \/><\/div><\/div><div class=\"g-cols wpb_row us_custom_7f67160e via_grid cols_2 laptops-cols_inherit tablets-cols_inherit mobiles-cols_1 valign_middle type_default reversed stacking_default\"><div class=\"wpb_column vc_column_container us_custom_06f729d8\"><div class=\"vc_column-inner\">[vc_custom_heading text=&#8221;Seguridad y Defensa, Soluciones de Captura de Datos&#8221; use_theme_fonts=&#8221;yes&#8221; css=&#8221;%7B%22default%22%3A%7B%22color%22%3A%22%230063b0%22%2C%22padding-bottom%22%3A%2210px%22%7D%7D&#8221;]<div class=\"wpb_text_column us_custom_7d184510 has_text_color\"><div class=\"wpb_wrapper\"><p>Durante 10 a\u00f1os, Delair ha brindado soluciones de drones probadas en el campo a clientes de todo el mundo en la industria de la seguridad y la defensa.<\/p>\n<p>Entre otros, los drones Delair han volado durante miles de horas de vuelo en Ucrania con la OSCE para ayudar a monitorear la frontera con Rusia. En N\u00edger, las fuerzas militares locales utilizan drones Delair en la lucha contra el terrorismo para la vigilancia y protecci\u00f3n del territorio (ver art\u00edculo). Los equipos de las Fuerzas Especiales del ej\u00e9rcito franc\u00e9s tambi\u00e9n utilizan drones DELAIR.<\/p>\n<p>El equipo de seguridad y defensa de Delair est\u00e1 compuesto por ex tropas militares francesas operativas con amplia experiencia y una comprensi\u00f3n integral de sus necesidades.<\/p>\n<\/div><\/div><\/div><\/div><div class=\"wpb_column vc_column_container us_custom_1b43e508\"><div class=\"vc_column-inner\"><div class=\"w-image us_custom_1973c4e3 hide_on_default hide_on_mobiles align_none\"><div class=\"w-image-h\"><img decoding=\"async\" width=\"711\" height=\"393\" src=\"https:\/\/giscadlimited.com\/trinidad-es\/quo_storage\/sites\/3\/2023\/07\/Delair-3.jpg\" class=\"attachment-large size-large\" alt=\"\" srcset=\"https:\/\/giscadlimited.com\/trinidad-es\/quo_storage\/sites\/3\/2023\/07\/Delair-3.jpg 711w, https:\/\/giscadlimited.com\/trinidad-es\/quo_storage\/sites\/3\/2023\/07\/Delair-3-300x166.jpg 300w\" sizes=\"(max-width: 711px) 100vw, 711px\" \/><\/div><\/div><\/div><\/div><\/div><div class=\"g-cols wpb_row us_custom_c60602ec Data-bottom-icon via_grid cols_2 laptops-cols_inherit tablets-cols_inherit mobiles-cols_1 valign_middle type_default stacking_default\"><div class=\"wpb_column vc_column_container\"><div class=\"vc_column-inner\"><div class=\"w-image us_custom_931d8897 align_none\"><div class=\"w-image-h\"><img decoding=\"async\" width=\"711\" height=\"417\" src=\"https:\/\/giscadlimited.com\/trinidad-es\/quo_storage\/sites\/3\/2023\/07\/Delair-4.jpg\" class=\"attachment-large size-large\" alt=\"\" srcset=\"https:\/\/giscadlimited.com\/trinidad-es\/quo_storage\/sites\/3\/2023\/07\/Delair-4.jpg 711w, https:\/\/giscadlimited.com\/trinidad-es\/quo_storage\/sites\/3\/2023\/07\/Delair-4-300x176.jpg 300w\" sizes=\"(max-width: 711px) 100vw, 711px\" \/><\/div><\/div><\/div><\/div><div class=\"wpb_column vc_column_container us_custom_ba1c2b39\"><div class=\"vc_column-inner\">[vc_custom_heading text=&#8221;Soluciones de Captura de Datos&#8221; use_theme_fonts=&#8221;yes&#8221; css=&#8221;%7B%22default%22%3A%7B%22color%22%3A%22%230063b0%22%2C%22padding-bottom%22%3A%2210px%22%7D%7D&#8221;]<div class=\"wpb_text_column us_custom_7d184510 has_text_color\"><div class=\"wpb_wrapper\"><p>Los UAV de Delair son la mejor soluci\u00f3n para la adquisici\u00f3n de datos visuales y las inspecciones de activos lineales o infraestructura.<\/p>\n<p>Nuestra experiencia y estrechas alianzas con las principales empresas de transmisi\u00f3n y distribuci\u00f3n de electricidad han dado como resultado soluciones industrializadas y comprobadas que cumplen con los requisitos espec\u00edficos de la industria de la energ\u00eda el\u00e9ctrica. RTE, la empresa de transmisi\u00f3n de energ\u00eda francesa, ha estado utilizando nuestros sistemas durante varios a\u00f1os para inspeccionar y digitalizar sus l\u00edneas el\u00e9ctricas.<\/p>\n<p>Las herramientas avanzadas de planificaci\u00f3n de misiones para el mapeo de corredores en Delair Flight Deck Pro y el incre\u00edble rango de comunicaciones extendido con Delair Xtreme Link o Delair Cellular comm link hacen de Delair una opci\u00f3n ideal para cualquier administrador de activos o subcontratista que trabaje en infraestructura lineal.<\/p>\n<\/div><\/div><\/div><\/div><\/div><\/div><\/div><\/div><\/div><\/section>\n","protected":false},"excerpt":{"rendered":"Delair es la ventanilla \u00fanica para aplicaciones digitales empresariales: desde la recopilaci\u00f3n de datos hasta la inteligencia empresarial. Los drones profesionales de ala fija de Delair son la herramienta ideal para adquirir datos a\u00e9reos m\u00e1s r\u00e1pido y m\u00e1s lejos. Cubren grandes superficies con cada vuelo suave y estable. [vc_custom_heading text=\"Soluciones de Captura de Datos\" use_theme_fonts=\"yes\"...","protected":false},"author":1,"featured_media":2238,"parent":1693,"menu_order":0,"comment_status":"closed","ping_status":"closed","template":"","meta":{"footnotes":""},"acf":[],"yoast_head":"\n<title>Delair - Giscad Trinidad - es<\/title>\n<meta name=\"description\" content=\"Delair: Soluciones digitales empresariales con drones profesionales de ala fija para adquirir datos a\u00e9reos m\u00e1s r\u00e1pido y m\u00e1s lejos.\" \/>\n<meta name=\"robots\" content=\"index, follow, max-snippet:-1, max-image-preview:large, max-video-preview:-1\" \/>\n<link rel=\"canonical\" href=\"https:\/\/giscadlimited.com\/trinidad-es\/products\/delair\/\" \/>\n<meta property=\"og:locale\" content=\"en_US\" \/>\n<meta property=\"og:type\" content=\"article\" \/>\n<meta property=\"og:title\" content=\"Delair - Giscad Trinidad - es\" \/>\n<meta property=\"og:description\" content=\"Delair: Soluciones digitales empresariales con drones profesionales de ala fija para adquirir datos a\u00e9reos m\u00e1s r\u00e1pido y m\u00e1s lejos.\" \/>\n<meta property=\"og:url\" content=\"https:\/\/giscadlimited.com\/trinidad-es\/products\/delair\/\" \/>\n<meta property=\"og:site_name\" content=\"Giscad Trinidad - es\" \/>\n<meta property=\"article:publisher\" content=\"https:\/\/www.facebook.com\/GISCADLtd\" \/>\n<meta property=\"article:modified_time\" content=\"2023-07-28T19:55:43+00:00\" \/>\n<meta property=\"og:image\" content=\"https:\/\/giscadlimited.com\/trinidad-es\/quo_storage\/sites\/3\/2023\/07\/Giscad-Seo.png\" \/>\n\t<meta property=\"og:image:width\" content=\"400\" \/>\n\t<meta property=\"og:image:height\" content=\"400\" \/>\n\t<meta property=\"og:image:type\" content=\"image\/png\" \/>\n<meta name=\"twitter:card\" content=\"summary_large_image\" \/>\n<meta name=\"twitter:label1\" content=\"Est. reading time\" \/>\n\t<meta name=\"twitter:data1\" content=\"3 minutes\" \/>\n<script type=\"application\/ld+json\" class=\"yoast-schema-graph\">{\"@context\":\"https:\/\/schema.org\",\"@graph\":[{\"@type\":\"WebPage\",\"@id\":\"https:\/\/giscadlimited.com\/trinidad-es\/products\/delair\/\",\"url\":\"https:\/\/giscadlimited.com\/trinidad-es\/products\/delair\/\",\"name\":\"Delair - Giscad Trinidad - es\",\"isPartOf\":{\"@id\":\"https:\/\/giscadlimited.com\/trinidad-es\/#website\"},\"datePublished\":\"2023-06-24T10:52:56+00:00\",\"dateModified\":\"2023-07-28T19:55:43+00:00\",\"description\":\"Delair: Soluciones digitales empresariales con drones profesionales de ala fija para adquirir datos a\u00e9reos m\u00e1s r\u00e1pido y m\u00e1s lejos.\",\"breadcrumb\":{\"@id\":\"https:\/\/giscadlimited.com\/trinidad-es\/products\/delair\/#breadcrumb\"},\"inLanguage\":\"en-US\",\"potentialAction\":[{\"@type\":\"ReadAction\",\"target\":[\"https:\/\/giscadlimited.com\/trinidad-es\/products\/delair\/\"]}]},{\"@type\":\"BreadcrumbList\",\"@id\":\"https:\/\/giscadlimited.com\/trinidad-es\/products\/delair\/#breadcrumb\",\"itemListElement\":[{\"@type\":\"ListItem\",\"position\":1,\"name\":\"Home\",\"item\":\"https:\/\/giscadlimited.com\/trinidad-es\/\"},{\"@type\":\"ListItem\",\"position\":2,\"name\":\"Products\",\"item\":\"https:\/\/giscadlimited.com\/trinidad-es\/products\/\"},{\"@type\":\"ListItem\",\"position\":3,\"name\":\"Delair\"}]},{\"@type\":\"WebSite\",\"@id\":\"https:\/\/giscadlimited.com\/trinidad-es\/#website\",\"url\":\"https:\/\/giscadlimited.com\/trinidad-es\/\",\"name\":\"Giscad Trinidad - es\",\"description\":\"\",\"publisher\":{\"@id\":\"https:\/\/giscadlimited.com\/trinidad-es\/#organization\"},\"potentialAction\":[{\"@type\":\"SearchAction\",\"target\":{\"@type\":\"EntryPoint\",\"urlTemplate\":\"https:\/\/giscadlimited.com\/trinidad-es\/?s={search_term_string}\"},\"query-input\":\"required name=search_term_string\"}],\"inLanguage\":\"en-US\"},{\"@type\":\"Organization\",\"@id\":\"https:\/\/giscadlimited.com\/trinidad-es\/#organization\",\"name\":\"Giscad Trinidad - es\",\"url\":\"https:\/\/giscadlimited.com\/trinidad-es\/\",\"logo\":{\"@type\":\"ImageObject\",\"inLanguage\":\"en-US\",\"@id\":\"https:\/\/giscadlimited.com\/trinidad-es\/#\/schema\/logo\/image\/\",\"url\":\"https:\/\/giscadlimited.com\/trinidad-es\/quo_storage\/sites\/3\/2023\/05\/logo.png\",\"contentUrl\":\"https:\/\/giscadlimited.com\/trinidad-es\/quo_storage\/sites\/3\/2023\/05\/logo.png\",\"width\":188,\"height\":56,\"caption\":\"Giscad Trinidad - es\"},\"image\":{\"@id\":\"https:\/\/giscadlimited.com\/trinidad-es\/#\/schema\/logo\/image\/\"},\"sameAs\":[\"https:\/\/www.facebook.com\/GISCADLtd\",\"https:\/\/www.instagram.com\/giscadltd\/\",\"https:\/\/www.linkedin.com\/company\/giscad-ltd\/\",\"https:\/\/www.tiktok.com\/@giscadlimited\"]}]}<\/script>\n","yoast_head_json":{"title":"Delair - Giscad Trinidad - es","description":"Delair: Soluciones digitales empresariales con drones profesionales de ala fija para adquirir datos a\u00e9reos m\u00e1s r\u00e1pido y m\u00e1s lejos.","robots":{"index":"index","follow":"follow","max-snippet":"max-snippet:-1","max-image-preview":"max-image-preview:large","max-video-preview":"max-video-preview:-1"},"canonical":"https:\/\/giscadlimited.com\/trinidad-es\/products\/delair\/","og_locale":"en_US","og_type":"article","og_title":"Delair - Giscad Trinidad - es","og_description":"Delair: Soluciones digitales empresariales con drones profesionales de ala fija para adquirir datos a\u00e9reos m\u00e1s r\u00e1pido y m\u00e1s lejos.","og_url":"https:\/\/giscadlimited.com\/trinidad-es\/products\/delair\/","og_site_name":"Giscad Trinidad - es","article_publisher":"https:\/\/www.facebook.com\/GISCADLtd","article_modified_time":"2023-07-28T19:55:43+00:00","og_image":[{"width":400,"height":400,"url":"https:\/\/giscadlimited.com\/trinidad-es\/quo_storage\/sites\/3\/2023\/07\/Giscad-Seo.png","type":"image\/png"}],"twitter_card":"summary_large_image","twitter_misc":{"Est. reading time":"3 minutes"},"schema":{"@context":"https:\/\/schema.org","@graph":[{"@type":"WebPage","@id":"https:\/\/giscadlimited.com\/trinidad-es\/products\/delair\/","url":"https:\/\/giscadlimited.com\/trinidad-es\/products\/delair\/","name":"Delair - Giscad Trinidad - es","isPartOf":{"@id":"https:\/\/giscadlimited.com\/trinidad-es\/#website"},"datePublished":"2023-06-24T10:52:56+00:00","dateModified":"2023-07-28T19:55:43+00:00","description":"Delair: Soluciones digitales empresariales con drones profesionales de ala fija para adquirir datos a\u00e9reos m\u00e1s r\u00e1pido y m\u00e1s lejos.","breadcrumb":{"@id":"https:\/\/giscadlimited.com\/trinidad-es\/products\/delair\/#breadcrumb"},"inLanguage":"en-US","potentialAction":[{"@type":"ReadAction","target":["https:\/\/giscadlimited.com\/trinidad-es\/products\/delair\/"]}]},{"@type":"BreadcrumbList","@id":"https:\/\/giscadlimited.com\/trinidad-es\/products\/delair\/#breadcrumb","itemListElement":[{"@type":"ListItem","position":1,"name":"Home","item":"https:\/\/giscadlimited.com\/trinidad-es\/"},{"@type":"ListItem","position":2,"name":"Products","item":"https:\/\/giscadlimited.com\/trinidad-es\/products\/"},{"@type":"ListItem","position":3,"name":"Delair"}]},{"@type":"WebSite","@id":"https:\/\/giscadlimited.com\/trinidad-es\/#website","url":"https:\/\/giscadlimited.com\/trinidad-es\/","name":"Giscad Trinidad - es","description":"","publisher":{"@id":"https:\/\/giscadlimited.com\/trinidad-es\/#organization"},"potentialAction":[{"@type":"SearchAction","target":{"@type":"EntryPoint","urlTemplate":"https:\/\/giscadlimited.com\/trinidad-es\/?s={search_term_string}"},"query-input":"required name=search_term_string"}],"inLanguage":"en-US"},{"@type":"Organization","@id":"https:\/\/giscadlimited.com\/trinidad-es\/#organization","name":"Giscad Trinidad - es","url":"https:\/\/giscadlimited.com\/trinidad-es\/","logo":{"@type":"ImageObject","inLanguage":"en-US","@id":"https:\/\/giscadlimited.com\/trinidad-es\/#\/schema\/logo\/image\/","url":"https:\/\/giscadlimited.com\/trinidad-es\/quo_storage\/sites\/3\/2023\/05\/logo.png","contentUrl":"https:\/\/giscadlimited.com\/trinidad-es\/quo_storage\/sites\/3\/2023\/05\/logo.png","width":188,"height":56,"caption":"Giscad Trinidad - es"},"image":{"@id":"https:\/\/giscadlimited.com\/trinidad-es\/#\/schema\/logo\/image\/"},"sameAs":["https:\/\/www.facebook.com\/GISCADLtd","https:\/\/www.instagram.com\/giscadltd\/","https:\/\/www.linkedin.com\/company\/giscad-ltd\/","https:\/\/www.tiktok.com\/@giscadlimited"]}]}},"_links":{"self":[{"href":"https:\/\/giscadlimited.com\/trinidad-es\/wp-json\/wp\/v2\/pages\/1002"}],"collection":[{"href":"https:\/\/giscadlimited.com\/trinidad-es\/wp-json\/wp\/v2\/pages"}],"about":[{"href":"https:\/\/giscadlimited.com\/trinidad-es\/wp-json\/wp\/v2\/types\/page"}],"author":[{"embeddable":true,"href":"https:\/\/giscadlimited.com\/trinidad-es\/wp-json\/wp\/v2\/users\/1"}],"replies":[{"embeddable":true,"href":"https:\/\/giscadlimited.com\/trinidad-es\/wp-json\/wp\/v2\/comments?post=1002"}],"version-history":[{"count":2,"href":"https:\/\/giscadlimited.com\/trinidad-es\/wp-json\/wp\/v2\/pages\/1002\/revisions"}],"predecessor-version":[{"id":2162,"href":"https:\/\/giscadlimited.com\/trinidad-es\/wp-json\/wp\/v2\/pages\/1002\/revisions\/2162"}],"up":[{"embeddable":true,"href":"https:\/\/giscadlimited.com\/trinidad-es\/wp-json\/wp\/v2\/pages\/1693"}],"wp:featuredmedia":[{"embeddable":true,"href":"https:\/\/giscadlimited.com\/trinidad-es\/wp-json\/wp\/v2\/media\/2238"}],"wp:attachment":[{"href":"https:\/\/giscadlimited.com\/trinidad-es\/wp-json\/wp\/v2\/media?parent=1002"}],"curies":[{"name":"wp","href":"https:\/\/api.w.org\/{rel}","templated":true}]}}